{"id":26,"date":"2025-02-22T21:20:34","date_gmt":"2025-02-22T20:20:34","guid":{"rendered":"https:\/\/tedetoi.com\/?page_id=26"},"modified":"2025-05-28T20:07:34","modified_gmt":"2025-05-28T18:07:34","slug":"partenaires","status":"publish","type":"page","link":"https:\/\/tedetoi.com\/index.php\/partenaires\/","title":{"rendered":"Partenaires"},"content":{"rendered":"\n<p><\/p>\n\n\n\n<p><\/p>\n\n\n\n<h2 class=\"wp-block-heading\">Professionnels<\/h2>\n\n\n\n<p><em>Une liste de professionnels est tenue \u00e0 votre disposition sur demande.<\/em><\/p>\n\n\n\n<h2 class=\"wp-block-heading\">Centre Ressources Autisme (CRA)<\/h2>\n\n\n\n<p>H\u00f4pital Lenval &#8211; 57 avenue de la Californie &#8211; 06200 NICE<br>04 92 03 04 39<br>\u00c9quipe pluridisciplinaire<br>Bilans, tests, diagnostics<\/p>\n\n\n\n<h2 class=\"wp-block-heading\">Hop&rsquo;Toys<\/h2>\n\n\n\n<p><a href=\"http:\/\/www.hoptoys.fr\">http:\/\/www.hoptoys.fr<\/a><br>Hop&rsquo;Toys propose une large s\u00e9lection de jeux et jouets ludiques, sp\u00e9cialement adapt\u00e9s aux enfants en situation de handicap.<\/p>\n\n\n\n<h2 class=\"wp-block-heading\">Autisme Diffusion<\/h2>\n\n\n\n<p><a href=\"http:\/\/www.autismediffusion.com\">http:\/\/www.autismediffusion.com<\/a><br>Autisme Diffusion \u00e9dite et diffuse des livre et du mat\u00e9riel sur l&rsquo;autisme, le syndrome d&rsquo;Asperger, le handicap mental et les troubles du syndrome autistique.<\/p>\n\n\n\n<h2 class=\"wp-block-heading\">Les Pictogrammes<\/h2>\n\n\n\n<p><a href=\"http:\/\/www.lespictogrammes.com\">http:\/\/www.lespictogrammes.com<\/a><br>Amplifier le plaisir du langage et favoriser l\u2019autonomie \u00e0 l&rsquo;aide de pictogrammes.<\/p>\n\n\n\n<p class=\"has-large-font-size\">E.D.I Formations  <\/p>\n\n\n\n<figure class=\"wp-block-embed is-type-wp-embed is-provider-edi-formation wp-block-embed-edi-formation\"><div class=\"wp-block-embed__wrapper\">\n<blockquote class=\"wp-embedded-content\" data-secret=\"eYNlPZgXbl\"><a href=\"https:\/\/ediformation.fr\/\">Accueil<\/a><\/blockquote><iframe loading=\"lazy\" class=\"wp-embedded-content\" sandbox=\"allow-scripts\" security=\"restricted\" style=\"position: absolute; visibility: hidden;\" title=\"\u00ab\u00a0Accueil\u00a0\u00bb &#8212; EDI FORMATION\" src=\"https:\/\/ediformation.fr\/embed\/#?secret=cS8knTaxaA#?secret=eYNlPZgXbl\" data-secret=\"eYNlPZgXbl\" width=\"600\" height=\"338\" frameborder=\"0\" marginwidth=\"0\" marginheight=\"0\" scrolling=\"no\"><\/iframe>\n<\/div><\/figure>\n\n\n\n<p><\/p>\n","protected":false},"excerpt":{"rendered":"<p>Professionnels Une liste de professionnels est tenue \u00e0 votre disposition sur demande. Centre Ressources Autisme (CRA) H\u00f4pital Lenval &#8211; 57 avenue de la Californie &#8211; 06200 NICE04 92 03 04 39\u00c9quipe pluridisciplinaireBilans, tests, diagnostics Hop&rsquo;Toys http:\/\/www.hoptoys.frHop&rsquo;Toys propose une large s\u00e9lection de jeux et jouets ludiques, sp\u00e9cialement adapt\u00e9s aux enfants en situation de handicap. Autisme Diffusion &#8230; <a title=\"Partenaires\" class=\"read-more\" href=\"https:\/\/tedetoi.com\/index.php\/partenaires\/\" aria-label=\"En savoir plus sur Partenaires\">Lire la suite<\/a><\/p>\n","protected":false},"author":1,"featured_media":0,"parent":0,"menu_order":0,"comment_status":"closed","ping_status":"closed","template":"","meta":{"iawp_total_views":11,"footnotes":""},"class_list":["post-26","page","type-page","status-publish"],"_links":{"self":[{"href":"https:\/\/tedetoi.com\/index.php\/wp-json\/wp\/v2\/pages\/26","targetHints":{"allow":["GET"]}}],"collection":[{"href":"https:\/\/tedetoi.com\/index.php\/wp-json\/wp\/v2\/pages"}],"about":[{"href":"https:\/\/tedetoi.com\/index.php\/wp-json\/wp\/v2\/types\/page"}],"author":[{"embeddable":true,"href":"https:\/\/tedetoi.com\/index.php\/wp-json\/wp\/v2\/users\/1"}],"replies":[{"embeddable":true,"href":"https:\/\/tedetoi.com\/index.php\/wp-json\/wp\/v2\/comments?post=26"}],"version-history":[{"count":7,"href":"https:\/\/tedetoi.com\/index.php\/wp-json\/wp\/v2\/pages\/26\/revisions"}],"predecessor-version":[{"id":295,"href":"https:\/\/tedetoi.com\/index.php\/wp-json\/wp\/v2\/pages\/26\/revisions\/295"}],"wp:attachment":[{"href":"https:\/\/tedetoi.com\/index.php\/wp-json\/wp\/v2\/media?parent=26"}],"curies":[{"name":"wp","href":"https:\/\/api.w.org\/{rel}","templated":true}]}}